{"id":4177,"date":"2023-07-07T21:45:11","date_gmt":"2023-07-08T01:45:11","guid":{"rendered":"https:\/\/treesofremembrance.com\/trees\/andre-levesque\/"},"modified":"2023-07-07T21:45:13","modified_gmt":"2023-07-08T01:45:13","slug":"andre-levesque","status":"publish","type":"jbgr_trees","link":"https:\/\/treesofremembrance.com\/fr\/trees\/andre-levesque\/","title":{"rendered":"Andr\u00e9 L\u00e9vesque"},"content":{"rendered":"<div class=\"wp-block-group alignwide is-layout-constrained wp-block-group-is-layout-constrained\">\n    <h2 style=\"font-size:clamp(26.465px, 1.654rem + ((1vw - 3.2px) * 2.106), 45px);\" class=\"has-text-align-center wp-block-post-title\">Andr\u00e9 L\u00e9vesque<\/h2>\n    \n    <div data-trees-props='{\"obit_url\": \"https:\/\/francais.hillcrestfuneralhome.ca\/tribute\/details\/1717\/Andr-L-vesque\/obituary.html#tribute-start\"}' class=\"aligncenter aligncenter wp-block-jbgr-trees-obit-link\"><\/div>\n    <div class=\"wp-block-jbgr-trees-tree-info-box has-medium-font-size wp-block-jbgr-trees-tree-info-box has-medium-font-size\"><\/div>\n<\/div><div data-trees-messages='[\"{\\\"messageFrom\\\": [\\\"Mark et Lisa Henderson \\\"], \\\"messageBody\\\": [\\\"Un arbre du souvenir a \\u00e9t\\u00e9 plant\\u00e9 par Mark et Lisa Henderson et le personnel du Salon Fun\\u00e9raire Hillcrest\\\"], \\\"orderID\\\": 0, \\\"isPublic\\\": true}\",\"{\\\"messageFrom\\\": [\\\"Claire &#038; Jean-Louis Diamond\\\"], \\\"messageBody\\\": [\\\"Un arbre du souvenir a \\u00e9t\\u00e9 plant\\u00e9 par Claire &#038; Jean-Louis Diamond\\\"], \\\"orderID\\\": 0, \\\"isPublic\\\": true}\"]' class=\"alignwide wp-block-jbgr-trees-trees-messages-block\"> <\/div>","protected":false},"featured_media":0,"template":"","meta":{"rank_math_lock_modified_date":false,"_jbgr_trees_of_remembrance_metas":"{\"obit_url\": \"https:\/\/francais.hillcrestfuneralhome.ca\/tribute\/details\/1717\/Andr-L-vesque\/obituary.html#tribute-start\"}","_jbgr_trees_messages":["{\"messageFrom\": [\"Mark et Lisa Henderson \"], \"messageBody\": [\"Un arbre du souvenir a \u00e9t\u00e9 plant\u00e9 par Mark et Lisa Henderson et le personnel du Salon Fun\u00e9raire Hillcrest\"], \"orderID\": 0, \"isPublic\": true}","{\"messageFrom\": [\"Claire & Jean-Louis Diamond\"], \"messageBody\": [\"Un arbre du souvenir a \u00e9t\u00e9 plant\u00e9 par Claire & Jean-Louis Diamond\"], \"orderID\": 0, \"isPublic\": true}"]},"jbgr_trees_types":[75],"class_list":["post-4177","jbgr_trees","type-jbgr_trees","status-publish","hentry","jbgr_trees_of_remembrance_cats-tree-of-remembrance"],"jbgr_trees_metas":"{\"obit_url\": \"https:\/\/francais.hillcrestfuneralhome.ca\/tribute\/details\/1717\/Andr-L-vesque\/obituary.html#tribute-start\"}","jbgr_trees_messages":"{\"messageFrom\": [\"Mark et Lisa Henderson \"], \"messageBody\": [\"Un arbre du souvenir a \u00e9t\u00e9 plant\u00e9 par Mark et Lisa Henderson et le personnel du Salon Fun\u00e9raire Hillcrest\"], \"orderID\": 0, \"isPublic\": true}","_links":{"self":[{"href":"https:\/\/treesofremembrance.com\/fr\/wp-json\/wp\/v2\/jbgr_trees\/4177"}],"collection":[{"href":"https:\/\/treesofremembrance.com\/fr\/wp-json\/wp\/v2\/jbgr_trees"}],"about":[{"href":"https:\/\/treesofremembrance.com\/fr\/wp-json\/wp\/v2\/types\/jbgr_trees"}],"wp:attachment":[{"href":"https:\/\/treesofremembrance.com\/fr\/wp-json\/wp\/v2\/media?parent=4177"}],"wp:term":[{"taxonomy":"jbgr_trees_of_remembrance_cats","embeddable":true,"href":"https:\/\/treesofremembrance.com\/fr\/wp-json\/wp\/v2\/jbgr_trees_types?post=4177"}],"curies":[{"name":"wp","href":"https:\/\/api.w.org\/{rel}","templated":true}]}}

André Lévesque

<div class="wp-block-group alignwide is-layout-constrained wp-block-group-is-layout-constrained">
    <h2 style="font-size:clamp(26.465px, 1.654rem + ((1vw - 3.2px) * 2.106), 45px);" class="has-text-align-center wp-block-post-title">André Lévesque</h2>
    
    <div data-trees-props='{"obit_url": "https://francais.hillcrestfuneralhome.ca/tribute/details/1717/Andr-L-vesque/obituary.html#tribute-start"}' class="aligncenter aligncenter wp-block-jbgr-trees-obit-link"></div>
    <div class="wp-block-jbgr-trees-tree-info-box has-medium-font-size wp-block-jbgr-trees-tree-info-box has-medium-font-size"></div>
</div><div data-trees-messages='["{\"messageFrom\": [\"Mark et Lisa Henderson \"], \"messageBody\": [\"Un arbre du souvenir a \u00e9t\u00e9 plant\u00e9 par Mark et Lisa Henderson et le personnel du Salon Fun\u00e9raire Hillcrest\"], \"orderID\": 0, \"isPublic\": true}","{\"messageFrom\": [\"Claire &#038; Jean-Louis Diamond\"], \"messageBody\": [\"Un arbre du souvenir a \u00e9t\u00e9 plant\u00e9 par Claire &#038; Jean-Louis Diamond\"], \"orderID\": 0, \"isPublic\": true}"]' class="alignwide wp-block-jbgr-trees-trees-messages-block"> </div>

{"messageFrom": ["Mark et Lisa Henderson "], "messageBody": ["Un arbre du souvenir a été planté par Mark et Lisa Henderson et le personnel du Salon Funéraire Hillcrest"], "orderID": 0, "isPublic": true}

{"messageFrom": ["Claire & Jean-Louis Diamond"], "messageBody": ["Un arbre du souvenir a été planté par Claire & Jean-Louis Diamond"], "orderID": 0, "isPublic": true}
